 = -q**2 - 3*q + 2. Let d be c(-2). What is the units digit of w(d)?
7
Let l = 22 - 22. Suppose -m + l*m + 48 = 0. What is the tens digit of m?
4
Let x = 7 + -10. Let n be (-2)/(((-3)/x)/3). What is the units digit of n - -6 - (0 - 5)?
5
Let q(h) be the first derivative of -h - 6 + h**2 + 1 + 6. What is the units digit of q(3)?
5
Let z = -18 - -18. Suppose z = -2*m + 4 + 4. What is the units digit of m?
4
Let z(o) = -34*o**3 + o**2 + 13*o + 22. What is the hundreds digit of z(-2)?
2
Suppose 0 = 5*c - 2*z - 386, -4*c = 5*z + 6 - 295. Suppose c + 29 = 5*l. What is the tens digit of l?
2
Let j(c) = c. Let k be j(2). Suppose k = 2*q - 12. Let a = q - 3. What is the units digit of a?
4
Let k(b) be the third derivative of 0 + 1/6*b**3 - b**2 + 0*b + 1/24*b**4 + 1/12*b**5. What is the units digit of k(-1)?
5
Suppose -5*d = -0*d - 15. What is the units digit of 3 - (d + -1) - -1?
2
Let p(c) = -7*c + 5. Let j(t) = 13*t - 9. Let g(r) = -4*j(r) - 7*p(r). What is the units digit of g(-2)?
7
Let a = -22 + 37. What is the units digit of a?
5
Let p(m) = 7*m**2 + m - 1. Suppose 0 = -4*k + k + 4*h + 7, 0 = 5*k - 4*h - 9. What is the units digit of p(k)?
7
Suppose -4*w + 4*b = 13 + 3, -4*w - 3*b = 2. Let o be (-2)/w + 0 + 1. Suppose -u + o = -6. What is the units digit of u?
8
Let x = -42 + 76. Suppose -5*p = -b - x, -p + 8 + 0 = b. Suppose 0 = -4*w - 5*l + 28, w - 2*w + p = -4*l. What is the units digit of w?
7
Let i be (-6)/(-4)*(-18)/3. Let o be (-314)/6 - 3/i. Let n = -37 - o. What is the units digit of n?
5
Suppose -2*m + 56 = -3*z, 0 = 5*m + 5*z - 86 - 4. What is the tens digit of m?
2
Let g = -2 - -5. Suppose -g*j + f + 11 = -12, 22 = 4*j + 3*f. What is the units digit of j?
7
Let f = -23 - -74. What is the units digit of f?
1
Let r(m) = m**2 - 7*m - 5. What is the tens digit of r(-10)?
6
Let c = 123 + -60. What is the tens digit of c?
6
Suppose b + 9 = 4*b. Suppose 5*p = b*p. Suppose p = -4*h + 12 + 12. What is the units digit of h?
6
Let y = 89 - 38. Suppose c = 4*c - y. What is the tens digit of c?
1
Let n(b) = -b - 2*b**2 + 6*b - 1 - b**3 - 2*b. What is the tens digit of n(-4)?
1
Let y be (-10)/(-4)*18/15. What is the tens digit of y/5 + 651/15?
4
Suppose -2*y + 22 = t + 5, -4*t - 2*y = -68. What is the tens digit of t?
1
Suppose l = 3*t - 56, 0 = -4*t + 2*t + 2*l + 36. What is the units digit of t?
9
Let d(g) = g**3 + 3*g**2 + 3*g - 7. What is the tens digit of d(4)?
1
Let n(d) = d**3 + 5*d**2 - d + 2. Let t be 1*(-3)/(-3)*-5. What is the units digit of n(t)?
7
Let q(b) = -b**2 + 8*b - 2. Let v be q(8). What is the units digit of (-14 + 4)/(v/2)?
0
Let t = 1 - -1. Let p(w) = -w**2 + 2*w - 1. Let q be p(t). Let n = q + 6. What is the units digit of n?
5
Let q = 9 - 7. What is the tens digit of (q*-1)/(16/(-344))?
4
Suppose 4*f = 81 + 19. What is the tens digit of f?
2
Let h = 17 + -11. Let w be h/(-9)*(-30)/4. Suppose 0 = 3*v - w*v + 18. What is the units digit of v?
9
Let z be ((-175)/14)/(3/(-12)). Suppose -3*p + i = -z, 5*p = 3*p - 2*i + 20. What is the tens digit of p?
1
Let m = -7 - -7. Let k be ((-15)/(-5))/(1 + m). Suppose -2*y + 3*y + 3*c + k = 0, 0 = 2*y + 4*c. What is the units digit of y?
6
Let m(j) = 3*j + 2. Let z(v) = -v**2 + v + 5. Let w be z(0). Let a be m(w). Suppose 0 = 2*p - 15 - a. What is the units digit of p?
6
Suppose 0 = -3*d + v + 582, 2*d = d + 2*v + 189. What is the hundreds digit of d?
1
Let k be (-2)/4 - (-15)/6. Suppose -k*h + 72 = -4*m, h - 2*m - 96 = -2*h. What is the units digit of h?
0
Suppose v = 4*g + 22, -2*g + 7*g = -4*v - 17. Let r = 0 + v. What is the units digit of 16/(-6)*(r + -5)?
8
Let i(m) = m**3 - 6*m**2 - m + 12. What is the units digit of i(7)?
4
What is the tens digit of 3*(575/15)/1?
1
Let o(q) = -3 - 5 + 3 + q**2. Let f = -6 - -2. What is the units digit of o(f)?
1
Suppose 4*w = 4*d - 240, 3*w = -3*d - w + 215. What is the tens digit of d?
6
Let l(h) = h. Let w(r) = -r + 1. Let b be w(-3). Let c be l(b). Suppose 0 = -m - 0*m + c. What is the units digit of m?
4
Let h(t) = -t**3 + 10*t**2 + 10*t - 25. What is the tens digit of h(10)?
7
Let t(o) be the third derivative of 0*o**3 - 1/24*o**4 + 0*o + 0 - o**2. What is the units digit of t(-7)?
7
Suppose 1 = j - 4. Suppose 3*b - 55 = -j*y - 14, 0 = -5*b - 2*y + 43. Suppose h - 10 = -u - 0*u, u = -2*h + b. What is the tens digit of u?
1
Suppose 0*b = -4*b + 20. Suppose 0 = -4*p + b*p - 5. Let l = 2 + p. What is the units digit of l?
7
Let r = 25 - 17. Let d = r - -6. What is the units digit of d?
4
Suppose 2*t + 2*s = 3*s + 34, 3*t - 2*s - 51 = 0. What is the tens digit of t?
1
What is the units digit of (-765)/(-34)*(-24)/(-5)?
8
Suppose 11 = 2*y + 3*y + i, -4*y + 3 = -5*i. What is the units digit of y?
2
What is the units digit of 10*1*(-90)/(-20)?
5
Let m(c) = -8*c - 1. Let f(v) = -v + 1. Let d(j) = -3*f(j) + m(j). Let o be d(-4). Suppose 20 = 4*a - o. What is the units digit of a?
9
Let o = 54 + -50. What is the units digit of o?
4
Suppose -2*r = r. Suppose -4*f - 4 + 16 = r. What is the units digit of f*(4/3 - -1)?
7
Suppose -3*g = -162 - 177. What is the hundreds digit of g?
1
Let b(f) = f**2 + 16*f + 20. Let c be b(-15). Suppose -y = y - 3*x - 41, c*y = -x + 128. What is the units digit of y?
5
Suppose x = 4*x + 2*v - 230, 227 = 3*x - v. What is the tens digit of x?
7
Let z(v) = -3*v - 3. Let x be z(-7). Suppose -x = -5*p + 17. What is the units digit of p?
7
Let o(j) = 5 - 4*j - 4*j - 16 + j**2. Let b be o(9). What is the units digit of 0 + 0 - b*3?
6
Let w = -1 - 1. Let c(b) = -b + 2 - 6*b - 4. What is the units digit of c(w)?
2
Let g = -193 + 304. What is the units digit of g?
1
Let q(w) = -5*w**3 - w**2 + 18*w + 4. What is the hundreds digit of q(-4)?
2
Let j = -38 + 56. What is the tens digit of j?
1
Suppose -4*o = -o - c - 31, 3*o = 2*c + 26. Let g = o - 27. Let l = g - -24. What is the units digit of l?
9
Let c(u) be the first derivative of u**2/2 + 9*u - 2. Let s be c(-9). Suppose s*m - 16 = -2*m. What is the units digit of m?
8
Let t be ((-24)/(-20))/(1/45). Suppose 0 = -2*b - b + t. Let k = b + -13. What is the units digit of k?
5
Suppose v + 0 - 2 = 0. Suppose -2*p - 38 = -2*y - 7*p, 40 = v*y + 4*p. What is the tens digit of y?
2
Suppose -5*c - 40 = -c - 4*k, 0 = -4*k - 16. What is the units digit of (c/(-6) - 3)*-3?
2
Let v(y) = -y**3 + 7*y**2 + 7*y - 2. Suppose -4*r - 4*a + 1 + 19 = 0, 0 = 4*r + 2*a - 24. What is the tens digit of v(r)?
4
Suppose -10 - 6 = 4*f. Suppose -127 - 17 = 9*i. What is the units digit of f/i + 54/8?
7
Suppose -4*z - 89 = -29. Let h = z - -30. What is the units digit of h?
5
Let b(t) = t**3 - t**2 + 4*t - 1. Let x(i) = i**3 - 2*i**2 + 4*i - 2. Let v(o) = -5*b(o) + 4*x(o). What is the tens digit of v(-4)?
2
Let j = -18 + 36. What is the tens digit of j?
1
Let u = 25 - 13. What is the tens digit of u?
1
Suppose -4*y + 2*f = -182, 12 = 2*y + 2*f - 76. Suppose -5*g + y = p, 0 = -3*g + 2*p + 22 + 18. What is the units digit of g?
0
Let j(c) = -c**2 + 7*c. Let v be j(5). Let s = v + -5. Suppose s*l - 3 = 12. What is the units digit of l?
3
Suppose 3*p + 3*q - 16 = -7, -4*p = -2*q - 6. Let j(h) = -2 + 0 - 8*h - h**p - 1. What is the units digit of j(-7)?
4
Suppose 0 = i - 0*i - 5. Let f be -1 - -3 - 1 - 0. Suppose -i*h + f = -4*h. What is the units digit of h?
1
Let j(i) = 33*i**2 + i. Let k be j(-1). Suppose -w = -5*w + k. What is the units digit of w?
8
Suppose 15 = u + 4*p - 49, -2*p = -4*u + 166. Suppose 79 = 3*k - y, -2*y + u - 6 = k. What is the units digit of k?
8
Let a = -36 + 57. Let g = 24 - a. What is the units digit of g?
3
Let d(n) be the second derivative of -1/2*n**2 + 0 + 4*n + 2/3*n**3. What is the tens digit of d(3)?
1
Let t(q) = -8*q - 5. What is the units digit of t(-4)?
7
Let d(z) = 19*z - 1. Let q(p) = 96*p - 6. Let g(y) = -11*d(y) + 2*q(y). Let r be g(-1). Suppose -6*s + r = -2*s. What is the units digit of s?
4
Suppose 2*h + 11 - 3 = 0, -4*y + 4*h = -40. Let l be (20/6)/(y/9). Suppose l*j + 2*b = 5, -28 = -2*j + j + 5*b. What is the units digit of j?
3
What is the tens digit of 858/(-4)*-7*2/21?
4
Suppose 6*l = 8*l - 4. What is the units digit of l?
2
Let h = -35 - -119. Let y = -29 + h. What is the units digit of y?
5
Let c(n) = 2*n**2 - 8*n + 1. Let y be c(-7). What is the units digit of (